
-52300
In base 8, what is 21407 - -1?
21410
In base 13, what is 8aab6 + 3?
8aab9
In base 3, what is -1211000020 - 22?
-1211000112
In base 12, what is abb + -6b5?
406
In base 3, what is -10 + -211122010?
-211122020
In base 5, what is -2301100 + -403?
-2302003
In base 3, what is -1111 - 11002?
-12120
In base 2, what is 1110100000010101 + -1010?
1110100000001011
In base 4, what is 1101 - 13132?
-12031
In base 2, what is -10 - -1100110111111?
1100110111101
In base 4, what is -122003331 + 2?
-122003323
In base 11, what is -13771 - -9?
-13763
In base 6, what is 1011112 - 1?
1011111
In base 16, what is 3 + -2cb42?
-2cb3f
In base 3, what is 2110212101 - 2220?
2110202111
In base 9, what is 64 + -873?
-808
In base 14, what is 2c6 + 1a1?
487
In base 3, what is 11 + 112022222211?
112022222222
In base 10, what is 0 + 44149?
44149
In base 3, what is 112110 - -211210?
1101020
In base 3, what is 2 + 211121122?
211121201
In base 3, what is 2 - 102112121102?
-102112121100
In base 4, what is 13 + 3322110?
3322123
In base 15, what is 4 - -37c29?
37c2d
In base 3, what is -1122021022 - -100?
-1122020222
In base 4, what is -1021022 + -3?
-1021031
In base 3, what is 112012101 - -10?
112012111
In base 6, what is -451 + -5444?
-10335
In base 10, what is -8399 + 55?
-8344
In base 7, what is 45 - -551135?
551213
In base 13, what is -2291aa + -6?
-2291b3
In base 2, what is -110100101011010 - -10?
-110100101011000
In base 13, what is 6ba + -156?
564
In base 14, what is -361 - -75?
-2ca
In base 15, what is 9 - bdde?
-bdd5
In base 7, what is -131332 + 4?
-131325
In base 4, what is -1000 - -323211?
322211
In base 15, what is 4 + 115433?
115437
In base 7, what is -556 - 10606?
-11465
In base 8, what is 2 + 472735?
472737
In base 3, what is -20120211022 + -1?
-20120211100
In base 6, what is -551310 + 2?
-551304
In base 5, what is 41324 - 140?
41134
In base 2, what is -110100 - -111111101110100?
111111101000000
In base 4, what is 130001132 + 32?
130001230
In base 3, what is -12120220121002 - 1?
-12120220121010
In base 12, what is 1b28 - 54?
1a94
In base 3, what is 211 + -20200?
-12212
In base 4, what is 1330 + 222023?
230013
In base 2, what is -1110 - 1010110101?
-1011000011
In base 2, what is 100 + -1010010111101?
-1010010111001
In base 10, what is 621 + -315?
306
In base 7, what is 26 + -10255?
-10226
In base 2, what is 1010101000111000 - 11?
1010101000110101
In base 9, what is 10666185 + -1?
10666184
In base 5, what is -21231 - 20241?
-42022
In base 16, what is -5 - -23a18?
23a13
In base 8, what is -2544 - 677?
-3443
In base 5, what is -1334233 - -4?
-1334224
In base 6, what is 3511235 + -2?
3511233
In base 10, what is -54954 - -10?
-54944
In base 8, what is -6 + -571745?
-571753
In base 14, what is 3 - 5442?
-543d
In base 10, what is 8 + 21111?
21119
In base 3, what is -202 + 21211200?
21210221
In base 2, what is -111100011 + -11000?
-111111011
In base 6, what is 1020 - -240?
1300
In base 13, what is 4 - -5a49c?
5a4a3
In base 15, what is 30 + 137?
167
In base 16, what is -4 + 113eb?
113e7
In base 2, what is 1001110011101010111 + -10?
1001110011101010101
In base 3, what is -10 - -1011210212?
1011210202
In base 2, what is -11010110111010 - -1001?
-11010110110001
In base 6, what is -5033 - -43?
-4550
In base 11, what is 20199 + -13?
20186
In base 5, what is 4344 + 2?
4401
In base 16, what is -630 + 6?
-62a
In base 4, what is -1031 + -211133?
-212230
In base 7, what is 5 - 256425?
-256420
In base 15, what is -4b86 - 22?
-4ba8
In base 4, what is 20312 + -12?
20300
In base 14, what is -26 - -84?
5c
In base 2, what is 1011 - 111110111011111000?
-111110111011101101
In base 14, what is -1180 - -18?
-1166
In base 16, what is 1a9 + -7f?
12a
In base 7, what is -214534 - 5?
-214542
In base 3, what is 2121 + 2122?
12020
In base 14, what is -16 + 31a3?
318b
In base 5, what is 44 + -1033034?
-1032440
In base 13, what is -12c + -260?
-38c
In base 2, what is 1110000001 + -1001?
1101111000
In base 15, what is 4 + 3ad21?
3ad25
In base 7, what is 5 + 465242?
465250
In base 13, what is -41 - -3734?
36c3
In base 8, what is -2 + 630703?
630701
In base 12, what is -6 + 80113?
80109
In base 5, what is 2 + 1201434?
1201441
In base 15, what is -2 + -6a35?
-6a37
In base 8, what is 3631 + 2?
3633
In base 4, what is 10 + 12212001?
12212011
In base 11, what is 2 + 8a209?
8a210
In base 2, what is 11111 + -1010000100011?
-1010000000100
In base 8, what is -1345 + 364?
-761
In base 15, what is -48ec0 - -7?
-48eb8
In base 8, what is 600223 + -5?
600216
In base 2, what is -11110111 - -1010110001111?
1010010011000
In base 4, what is -3012233 + 10?
-3012223
In base 3, what is 22002 - 1010120?
-211111
In base 12, what is -9b + b59?
a7a
In base 4, what is -1 + 12033232?
12033231
In base 4, what is -1202313 + -11?
-1202330
In base 3, what is 1 - 1200100020?
-1200100012
In base 9, what is 154 - -6655?
6820
In base 10, what is 1529875 - -4?
1529879
In base 15, what is -931c + -3?
-9320
In base 11, what is -6939 - 3?
-6941
In base 12, what is 107884 + 0?
107884
In base 5, what is -4 - 3221030?
-3221034
In base 13, what is 403 + 416?
819
In base 10, what is 31667 + -7?
31660
In base 9, what is -10823 + 13?
-10810
In base 6, what is -3152 + -133002?
-140154
In base 5, what is 2 + 2243042?
2243044
In base 7, what is -311 - -136?
-142
In base 12, what is 537 - -48?
583
In base 12, what is 69 + -54a8?
-543b
In base 15, what is -14b7 - 4d?
-1515
In base 6, what is -40103241 + 3?
-40103234
In base 10, what is 3 - -87904?
87907
In base 6, what is -4 + 4032051?
4032043
In base 3, what is -2 - 21010202021?
-21010202100
In base 12, what is 3 - -2b0b8?
2b0bb
In base 9, what is -2 - 160588?
-160601
In base 11, what is 36703 - 4?
366aa
In base 4, what is -12 + 11111232?
11111220
In base 16, what is 1d33 - 18?
1d1b
In base 6, what is 5501 - -445?
10350
In base 13, what is 4c5 - 120?
3a5
In base 6, what is -4 - 2010045?
-2010053
In base 14, what is 10 + 126c?
127c
In base 6, what is -1320 + -2034?
-3354
In base 16, what is ae8a - -5?
ae8f
In base 4, what is 1102130 - 22330?
1013200
In base 3, what is 2120201210 + -10?
2120201200
In base 14, what is 0 + 1b56d?
1b56d
In base 13, what is 2 + 11cac?
11cb1
In base 15, what is d8b9 + 24?
d8dd
In base 10, what is -94895 + 6?
-94889
In base 15, what is 1d2a + -1?
1d29
In base 14, what is -cb5 - b?
-cc2
In base 14, what is 101c - 5b?
da1
In base 8, what is 323 - 2430?
-2105
In base 11, what is 5 - 486989?
-486984
In base 14, what is ab904 - -2?
ab906
In base 5, what is -3 - 4233044?
-4233102
In base 5, what is 140 + 21030?
21220
In base 9, what is -2 + 120275?
120273
In base 2, what is 10010 - -10100110101110?
10100111000000
In base 15, what is -c + 7ca?
7bd
In base 10, what is -4851837 - 1?
-4851838
In base 10, what is 4431 + 0?
4431
In base 3, what is -210 + -1212221?
-1220201
In base 16, what is -37 - -157f?
1548
In base 8, what is -136256 - -5?
-136251
In base 9, what is -885 - 2010?
-3005
In base 12, what is 103 + -b?
b4
In base 2, what is 10 + 10110101000110001?
10110101000110011
In base 6, what is 55 - 135?
-40
In base 5, what is -1201302 + -1?
-1201303
In base 7, what is -102224545 + 4?
-102224541
In base 9, what is 5703 + -106?
5586
In base 4, what is 312 + 103330?
110302
In base 5, what is 0 - -133144?
133144
In base 16, what is a6 - -4d?
f3
In base 15, what is -1c - 8d12?
-8d2e
In base 16, what is 3ba + 75?
42f
In base 15, what is 217 + -555?
-33d
In base 6, what is -3541 + -445?
-4430
In base 10, what is 1030 + 10?
1040
In base 4, what is -10122 + 3233?
-223
In base 16, what is -ad16 - 4?
-ad1a
In base 7, what is 32511 - -31?
32542
In base 8, what is 17 + 374074?
374113
In base 13, what is -24 + 74504?
744b0
In base 6, what is 4 - 1252332?
-1252324
In base 16, what is 4201 + -fc?
4105
In base 8, what is -6 + 31715?
31707
In base 9, what is -3 + -10685?
-10688
In base 12, what is a9 - -17bb?
18a8
In base 13, what is 4a1a4 - -4?
4a1a8
In base 5, what is 20313 + -3?
20310
In base 14, what is -4480 - -1?
-447d
In base 3, what is 111111112 - -10120?
111122002
In base 6, what is -155511 + -1?
-155512
In base 12, what is -30 + -16?
-46
In base 12, what is 11a0 + -1?
119b
In base 5, what is 413132 + 234?
413421
In base 9, what is -2 - -84026?
84024
In base 8, what is -263 - -5632?
534